{"id":5446,"date":"2022-01-07T10:02:12","date_gmt":"2022-01-07T09:02:12","guid":{"rendered":"https:\/\/www.casa95sevilla.com\/apartamento\/plat-vista-patio-central\/"},"modified":"2022-01-26T00:58:44","modified_gmt":"2022-01-25T23:58:44","slug":"appartement-vue-patio-central","status":"publish","type":"apartamento","link":"https:\/\/www.casa95sevilla.com\/fr\/appartement\/appartement-vue-patio-central\/","title":{"rendered":"Appartement Vue Patio Central"},"content":{"rendered":"\n<p>Profitez du calme et de la tranquillit\u00e9 de notre appartement int\u00e9rieur donnant sur un patio typiquement andalou. D\u00e9cor\u00e9 avec \u00e9l\u00e9gance, avec des poutres en bois originales au plafond. \u00c9quip\u00e9 des derni\u00e8res technologies en mati\u00e8re de communication et de divertissement, cet appartement luxueux vous accueillera dans son lit king size avec ses draps 100% coton. Cuisine enti\u00e8rement \u00e9quip\u00e9e. T\u00e9l\u00e9vision intelligente de 32 pouces dans la chambre et le salon. Salle de bain design. Douche italienne. Machine Nespresso. WIFI 6. Station de charge USB. Canap\u00e9-lit \u00e0 deux places.  <\/p>\n","protected":false},"excerpt":{"rendered":"<p>Profitez du calme et de la tranquillit\u00e9 de notre appartement int\u00e9rieur donnant sur un patio typiquement andalou. D\u00e9cor\u00e9 avec \u00e9l\u00e9gance, avec des poutres en bois originales au plafond. \u00c9quip\u00e9 des derni\u00e8res technologies en mati\u00e8re de communication et de divertissement, cet appartement luxueux vous accueillera dans son lit king size avec ses draps 100% coton. Cuisine [&hellip;]<\/p>\n","protected":false},"featured_media":4828,"template":"","tipo-de-apartamento":[89],"caracteristica-y-equipamiento":[97,101,113,109,111,95,105,103,107,93,99],"class_list":["post-5446","apartamento","type-apartamento","status-publish","has-post-thumbnail","hentry","tipo-de-apartamento-appartement-2-adultes-2-enfants","caracteristica-y-equipamiento-checkin-par-code","caracteristica-y-equipamiento-climatisation","caracteristica-y-equipamiento-cuisine-equipee","caracteristica-y-equipamiento-draps-et-serviettes","caracteristica-y-equipamiento-espace-de-travail","caracteristica-y-equipamiento-lit-180","caracteristica-y-equipamiento-machine-a-cafe-nespresso","caracteristica-y-equipamiento-pack-de-bienvenue","caracteristica-y-equipamiento-seche-cheveux","caracteristica-y-equipamiento-smart-tv-fr-2","caracteristica-y-equipamiento-wifi-premium-fr-2"],"yoast_head":"<!-- This site is optimized with the Yoast SEO plugin v27.5 - https:\/\/yoast.com\/product\/yoast-seo-wordpress\/ -->\n<title>Appartement Vue Patio Central - Casa 95 Sevilla<\/title>\n<meta name=\"robots\" content=\"index, follow, max-snippet:-1, max-image-preview:large, max-video-preview:-1\" \/>\n<link rel=\"canonical\" href=\"https:\/\/www.casa95sevilla.com\/fr\/appartement\/appartement-vue-patio-central\/\" \/>\n<meta property=\"og:locale\" content=\"fr_FR\" \/>\n<meta property=\"og:type\" content=\"article\" \/>\n<meta property=\"og:title\" content=\"Appartement Vue Patio Central - Casa 95 Sevilla\" \/>\n<meta property=\"og:description\" content=\"Profitez du calme et de la tranquillit\u00e9 de notre appartement int\u00e9rieur donnant sur un patio typiquement andalou. D\u00e9cor\u00e9 avec \u00e9l\u00e9gance, avec des poutres en bois originales au plafond. \u00c9quip\u00e9 des derni\u00e8res technologies en mati\u00e8re de communication et de divertissement, cet appartement luxueux vous accueillera dans son lit king size avec ses draps 100% coton. Cuisine [&hellip;]\" \/>\n<meta property=\"og:url\" content=\"https:\/\/www.casa95sevilla.com\/fr\/appartement\/appartement-vue-patio-central\/\" \/>\n<meta property=\"og:site_name\" content=\"Casa 95 Sevilla\" \/>\n<meta property=\"article:modified_time\" content=\"2022-01-25T23:58:44+00:00\" \/>\n<meta property=\"og:image\" content=\"https:\/\/www.casa95sevilla.com\/wp-content\/uploads\/2022\/01\/01-21.jpg\" \/>\n\t<meta property=\"og:image:width\" content=\"1500\" \/>\n\t<meta property=\"og:image:height\" content=\"1000\" \/>\n\t<meta property=\"og:image:type\" content=\"image\/jpeg\" \/>\n<meta name=\"twitter:card\" content=\"summary_large_image\" \/>\n<script type=\"application\/ld+json\" class=\"yoast-schema-graph\">{\"@context\":\"https:\\\/\\\/schema.org\",\"@graph\":[{\"@type\":\"WebPage\",\"@id\":\"https:\\\/\\\/www.casa95sevilla.com\\\/fr\\\/appartement\\\/appartement-vue-patio-central\\\/\",\"url\":\"https:\\\/\\\/www.casa95sevilla.com\\\/fr\\\/appartement\\\/appartement-vue-patio-central\\\/\",\"name\":\"Appartement Vue Patio Central - Casa 95 Sevilla\",\"isPartOf\":{\"@id\":\"https:\\\/\\\/www.casa95sevilla.com\\\/fr\\\/#website\"},\"primaryImageOfPage\":{\"@id\":\"https:\\\/\\\/www.casa95sevilla.com\\\/fr\\\/appartement\\\/appartement-vue-patio-central\\\/#primaryimage\"},\"image\":{\"@id\":\"https:\\\/\\\/www.casa95sevilla.com\\\/fr\\\/appartement\\\/appartement-vue-patio-central\\\/#primaryimage\"},\"thumbnailUrl\":\"https:\\\/\\\/www.casa95sevilla.com\\\/wp-content\\\/uploads\\\/2022\\\/01\\\/01-21.jpg\",\"datePublished\":\"2022-01-07T09:02:12+00:00\",\"dateModified\":\"2022-01-25T23:58:44+00:00\",\"breadcrumb\":{\"@id\":\"https:\\\/\\\/www.casa95sevilla.com\\\/fr\\\/appartement\\\/appartement-vue-patio-central\\\/#breadcrumb\"},\"inLanguage\":\"fr-FR\",\"potentialAction\":[{\"@type\":\"ReadAction\",\"target\":[\"https:\\\/\\\/www.casa95sevilla.com\\\/fr\\\/appartement\\\/appartement-vue-patio-central\\\/\"]}]},{\"@type\":\"ImageObject\",\"inLanguage\":\"fr-FR\",\"@id\":\"https:\\\/\\\/www.casa95sevilla.com\\\/fr\\\/appartement\\\/appartement-vue-patio-central\\\/#primaryimage\",\"url\":\"https:\\\/\\\/www.casa95sevilla.com\\\/wp-content\\\/uploads\\\/2022\\\/01\\\/01-21.jpg\",\"contentUrl\":\"https:\\\/\\\/www.casa95sevilla.com\\\/wp-content\\\/uploads\\\/2022\\\/01\\\/01-21.jpg\",\"width\":1500,\"height\":1000,\"caption\":\"Appartement Casa 95\"},{\"@type\":\"BreadcrumbList\",\"@id\":\"https:\\\/\\\/www.casa95sevilla.com\\\/fr\\\/appartement\\\/appartement-vue-patio-central\\\/#breadcrumb\",\"itemListElement\":[{\"@type\":\"ListItem\",\"position\":1,\"name\":\"Portada\",\"item\":\"https:\\\/\\\/www.casa95sevilla.com\\\/fr\\\/\"},{\"@type\":\"ListItem\",\"position\":2,\"name\":\"Apartamentos\",\"item\":\"https:\\\/\\\/www.casa95sevilla.com\\\/fr\\\/appartement\\\/\"},{\"@type\":\"ListItem\",\"position\":3,\"name\":\"Appartement Vue Patio Central\"}]},{\"@type\":\"WebSite\",\"@id\":\"https:\\\/\\\/www.casa95sevilla.com\\\/fr\\\/#website\",\"url\":\"https:\\\/\\\/www.casa95sevilla.com\\\/fr\\\/\",\"name\":\"Casa 95 Sevilla\",\"description\":\"Apartahotel con terraza y piscina privada\",\"publisher\":{\"@id\":\"https:\\\/\\\/www.casa95sevilla.com\\\/fr\\\/#organization\"},\"alternateName\":\"Casa 95\",\"potentialAction\":[{\"@type\":\"SearchAction\",\"target\":{\"@type\":\"EntryPoint\",\"urlTemplate\":\"https:\\\/\\\/www.casa95sevilla.com\\\/fr\\\/?s={search_term_string}\"},\"query-input\":{\"@type\":\"PropertyValueSpecification\",\"valueRequired\":true,\"valueName\":\"search_term_string\"}}],\"inLanguage\":\"fr-FR\"},{\"@type\":\"Organization\",\"@id\":\"https:\\\/\\\/www.casa95sevilla.com\\\/fr\\\/#organization\",\"name\":\"Casa 95 Sevilla\",\"alternateName\":\"Casa 95\",\"url\":\"https:\\\/\\\/www.casa95sevilla.com\\\/fr\\\/\",\"logo\":{\"@type\":\"ImageObject\",\"inLanguage\":\"fr-FR\",\"@id\":\"https:\\\/\\\/www.casa95sevilla.com\\\/fr\\\/#\\\/schema\\\/logo\\\/image\\\/\",\"url\":\"https:\\\/\\\/www.casa95sevilla.com\\\/wp-content\\\/uploads\\\/2021\\\/11\\\/cropped-favicon.png\",\"contentUrl\":\"https:\\\/\\\/www.casa95sevilla.com\\\/wp-content\\\/uploads\\\/2021\\\/11\\\/cropped-favicon.png\",\"width\":545,\"height\":545,\"caption\":\"Casa 95 Sevilla\"},\"image\":{\"@id\":\"https:\\\/\\\/www.casa95sevilla.com\\\/fr\\\/#\\\/schema\\\/logo\\\/image\\\/\"},\"sameAs\":[\"https:\\\/\\\/www.instagram.com\\\/casa95_sevilla\\\/\"]}]}<\/script>\n<!-- \/ Yoast SEO plugin. -->","yoast_head_json":{"title":"Appartement Vue Patio Central - Casa 95 Sevilla","robots":{"index":"index","follow":"follow","max-snippet":"max-snippet:-1","max-image-preview":"max-image-preview:large","max-video-preview":"max-video-preview:-1"},"canonical":"https:\/\/www.casa95sevilla.com\/fr\/appartement\/appartement-vue-patio-central\/","og_locale":"fr_FR","og_type":"article","og_title":"Appartement Vue Patio Central - Casa 95 Sevilla","og_description":"Profitez du calme et de la tranquillit\u00e9 de notre appartement int\u00e9rieur donnant sur un patio typiquement andalou. D\u00e9cor\u00e9 avec \u00e9l\u00e9gance, avec des poutres en bois originales au plafond. \u00c9quip\u00e9 des derni\u00e8res technologies en mati\u00e8re de communication et de divertissement, cet appartement luxueux vous accueillera dans son lit king size avec ses draps 100% coton. Cuisine [&hellip;]","og_url":"https:\/\/www.casa95sevilla.com\/fr\/appartement\/appartement-vue-patio-central\/","og_site_name":"Casa 95 Sevilla","article_modified_time":"2022-01-25T23:58:44+00:00","og_image":[{"width":1500,"height":1000,"url":"https:\/\/www.casa95sevilla.com\/wp-content\/uploads\/2022\/01\/01-21.jpg","type":"image\/jpeg"}],"twitter_card":"summary_large_image","schema":{"@context":"https:\/\/schema.org","@graph":[{"@type":"WebPage","@id":"https:\/\/www.casa95sevilla.com\/fr\/appartement\/appartement-vue-patio-central\/","url":"https:\/\/www.casa95sevilla.com\/fr\/appartement\/appartement-vue-patio-central\/","name":"Appartement Vue Patio Central - Casa 95 Sevilla","isPartOf":{"@id":"https:\/\/www.casa95sevilla.com\/fr\/#website"},"primaryImageOfPage":{"@id":"https:\/\/www.casa95sevilla.com\/fr\/appartement\/appartement-vue-patio-central\/#primaryimage"},"image":{"@id":"https:\/\/www.casa95sevilla.com\/fr\/appartement\/appartement-vue-patio-central\/#primaryimage"},"thumbnailUrl":"https:\/\/www.casa95sevilla.com\/wp-content\/uploads\/2022\/01\/01-21.jpg","datePublished":"2022-01-07T09:02:12+00:00","dateModified":"2022-01-25T23:58:44+00:00","breadcrumb":{"@id":"https:\/\/www.casa95sevilla.com\/fr\/appartement\/appartement-vue-patio-central\/#breadcrumb"},"inLanguage":"fr-FR","potentialAction":[{"@type":"ReadAction","target":["https:\/\/www.casa95sevilla.com\/fr\/appartement\/appartement-vue-patio-central\/"]}]},{"@type":"ImageObject","inLanguage":"fr-FR","@id":"https:\/\/www.casa95sevilla.com\/fr\/appartement\/appartement-vue-patio-central\/#primaryimage","url":"https:\/\/www.casa95sevilla.com\/wp-content\/uploads\/2022\/01\/01-21.jpg","contentUrl":"https:\/\/www.casa95sevilla.com\/wp-content\/uploads\/2022\/01\/01-21.jpg","width":1500,"height":1000,"caption":"Appartement Casa 95"},{"@type":"BreadcrumbList","@id":"https:\/\/www.casa95sevilla.com\/fr\/appartement\/appartement-vue-patio-central\/#breadcrumb","itemListElement":[{"@type":"ListItem","position":1,"name":"Portada","item":"https:\/\/www.casa95sevilla.com\/fr\/"},{"@type":"ListItem","position":2,"name":"Apartamentos","item":"https:\/\/www.casa95sevilla.com\/fr\/appartement\/"},{"@type":"ListItem","position":3,"name":"Appartement Vue Patio Central"}]},{"@type":"WebSite","@id":"https:\/\/www.casa95sevilla.com\/fr\/#website","url":"https:\/\/www.casa95sevilla.com\/fr\/","name":"Casa 95 Sevilla","description":"Apartahotel con terraza y piscina privada","publisher":{"@id":"https:\/\/www.casa95sevilla.com\/fr\/#organization"},"alternateName":"Casa 95","potentialAction":[{"@type":"SearchAction","target":{"@type":"EntryPoint","urlTemplate":"https:\/\/www.casa95sevilla.com\/fr\/?s={search_term_string}"},"query-input":{"@type":"PropertyValueSpecification","valueRequired":true,"valueName":"search_term_string"}}],"inLanguage":"fr-FR"},{"@type":"Organization","@id":"https:\/\/www.casa95sevilla.com\/fr\/#organization","name":"Casa 95 Sevilla","alternateName":"Casa 95","url":"https:\/\/www.casa95sevilla.com\/fr\/","logo":{"@type":"ImageObject","inLanguage":"fr-FR","@id":"https:\/\/www.casa95sevilla.com\/fr\/#\/schema\/logo\/image\/","url":"https:\/\/www.casa95sevilla.com\/wp-content\/uploads\/2021\/11\/cropped-favicon.png","contentUrl":"https:\/\/www.casa95sevilla.com\/wp-content\/uploads\/2021\/11\/cropped-favicon.png","width":545,"height":545,"caption":"Casa 95 Sevilla"},"image":{"@id":"https:\/\/www.casa95sevilla.com\/fr\/#\/schema\/logo\/image\/"},"sameAs":["https:\/\/www.instagram.com\/casa95_sevilla\/"]}]}},"_links":{"self":[{"href":"https:\/\/www.casa95sevilla.com\/fr\/wp-json\/wp\/v2\/apartamento\/5446","targetHints":{"allow":["GET"]}}],"collection":[{"href":"https:\/\/www.casa95sevilla.com\/fr\/wp-json\/wp\/v2\/apartamento"}],"about":[{"href":"https:\/\/www.casa95sevilla.com\/fr\/wp-json\/wp\/v2\/types\/apartamento"}],"version-history":[{"count":2,"href":"https:\/\/www.casa95sevilla.com\/fr\/wp-json\/wp\/v2\/apartamento\/5446\/revisions"}],"predecessor-version":[{"id":5976,"href":"https:\/\/www.casa95sevilla.com\/fr\/wp-json\/wp\/v2\/apartamento\/5446\/revisions\/5976"}],"wp:featuredmedia":[{"embeddable":true,"href":"https:\/\/www.casa95sevilla.com\/fr\/wp-json\/wp\/v2\/media\/4828"}],"wp:attachment":[{"href":"https:\/\/www.casa95sevilla.com\/fr\/wp-json\/wp\/v2\/media?parent=5446"}],"wp:term":[{"taxonomy":"tipo-de-apartamento","embeddable":true,"href":"https:\/\/www.casa95sevilla.com\/fr\/wp-json\/wp\/v2\/tipo-de-apartamento?post=5446"},{"taxonomy":"caracteristica-y-equipamiento","embeddable":true,"href":"https:\/\/www.casa95sevilla.com\/fr\/wp-json\/wp\/v2\/caracteristica-y-equipamiento?post=5446"}],"curies":[{"name":"wp","href":"https:\/\/api.w.org\/{rel}","templated":true}]}}

<p>Profitez du calme et de la tranquillité de notre appartement intérieur donnant sur un patio typiquement andalou. Décoré avec élégance, avec des poutres en bois originales au plafond. Équipé des dernières technologies en matière de communication et de divertissement, cet appartement luxueux vous accueillera dans son lit king size avec ses draps 100% coton. Cuisine entièrement équipée. Télévision intelligente de 32 pouces dans la chambre et le salon. Salle de bain design. Douche italienne. Machine Nespresso. WIFI 6. Station de charge USB. Canapé-lit à deux places.  </p>

<p>Profitez du calme et de la tranquillité de notre appartement intérieur donnant sur un patio typiquement andalou. Décoré avec élégance, avec des poutres en bois originales au plafond. Équipé des dernières technologies en matière de communication et de divertissement, cet appartement luxueux vous accueillera dans son lit king size avec ses draps 100% coton. Cuisine [&hellip;]</p>

<!-- This site is optimized with the Yoast SEO plugin v27.5 - https://yoast.com/product/yoast-seo-wordpress/ -->
<title>Appartement Vue Patio Central - Casa 95 Sevilla</title>
<meta name="robots" content="index, follow, max-snippet:-1, max-image-preview:large, max-video-preview:-1" />
<link rel="canonical" href="https://www.casa95sevilla.com/fr/appartement/appartement-vue-patio-central/" />
<meta property="og:locale" content="fr_FR" />
<meta property="og:type" content="article" />
<meta property="og:title" content="Appartement Vue Patio Central - Casa 95 Sevilla" />
<meta property="og:description" content="Profitez du calme et de la tranquillité de notre appartement intérieur donnant sur un patio typiquement andalou. Décoré avec élégance, avec des poutres en bois originales au plafond. Équipé des dernières technologies en matière de communication et de divertissement, cet appartement luxueux vous accueillera dans son lit king size avec ses draps 100% coton. Cuisine [&hellip;]" />
<meta property="og:url" content="https://www.casa95sevilla.com/fr/appartement/appartement-vue-patio-central/" />
<meta property="og:site_name" content="Casa 95 Sevilla" />
<meta property="article:modified_time" content="2022-01-25T23:58:44+00:00" />
<meta property="og:image" content="https://www.casa95sevilla.com/wp-content/uploads/2022/01/01-21.jpg" />
	<meta property="og:image:width" content="1500" />
	<meta property="og:image:height" content="1000" />
	<meta property="og:image:type" content="image/jpeg" />
<meta name="twitter:card" content="summary_large_image" />
<script type="application/ld+json" class="yoast-schema-graph">{"@context":"https:\/\/schema.org","@graph":[{"@type":"WebPage","@id":"https:\/\/www.casa95sevilla.com\/fr\/appartement\/appartement-vue-patio-central\/","url":"https:\/\/www.casa95sevilla.com\/fr\/appartement\/appartement-vue-patio-central\/","name":"Appartement Vue Patio Central - Casa 95 Sevilla","isPartOf":{"@id":"https:\/\/www.casa95sevilla.com\/fr\/#website"},"primaryImageOfPage":{"@id":"https:\/\/www.casa95sevilla.com\/fr\/appartement\/appartement-vue-patio-central\/#primaryimage"},"image":{"@id":"https:\/\/www.casa95sevilla.com\/fr\/appartement\/appartement-vue-patio-central\/#primaryimage"},"thumbnailUrl":"https:\/\/www.casa95sevilla.com\/wp-content\/uploads\/2022\/01\/01-21.jpg","datePublished":"2022-01-07T09:02:12+00:00","dateModified":"2022-01-25T23:58:44+00:00","breadcrumb":{"@id":"https:\/\/www.casa95sevilla.com\/fr\/appartement\/appartement-vue-patio-central\/#breadcrumb"},"inLanguage":"fr-FR","potentialAction":[{"@type":"ReadAction","target":["https:\/\/www.casa95sevilla.com\/fr\/appartement\/appartement-vue-patio-central\/"]}]},{"@type":"ImageObject","inLanguage":"fr-FR","@id":"https:\/\/www.casa95sevilla.com\/fr\/appartement\/appartement-vue-patio-central\/#primaryimage","url":"https:\/\/www.casa95sevilla.com\/wp-content\/uploads\/2022\/01\/01-21.jpg","contentUrl":"https:\/\/www.casa95sevilla.com\/wp-content\/uploads\/2022\/01\/01-21.jpg","width":1500,"height":1000,"caption":"Appartement Casa 95"},{"@type":"BreadcrumbList","@id":"https:\/\/www.casa95sevilla.com\/fr\/appartement\/appartement-vue-patio-central\/#breadcrumb","itemListElement":[{"@type":"ListItem","position":1,"name":"Portada","item":"https:\/\/www.casa95sevilla.com\/fr\/"},{"@type":"ListItem","position":2,"name":"Apartamentos","item":"https:\/\/www.casa95sevilla.com\/fr\/appartement\/"},{"@type":"ListItem","position":3,"name":"Appartement Vue Patio Central"}]},{"@type":"WebSite","@id":"https:\/\/www.casa95sevilla.com\/fr\/#website","url":"https:\/\/www.casa95sevilla.com\/fr\/","name":"Casa 95 Sevilla","description":"Apartahotel con terraza y piscina privada","publisher":{"@id":"https:\/\/www.casa95sevilla.com\/fr\/#organization"},"alternateName":"Casa 95","potentialAction":[{"@type":"SearchAction","target":{"@type":"EntryPoint","urlTemplate":"https:\/\/www.casa95sevilla.com\/fr\/?s={search_term_string}"},"query-input":{"@type":"PropertyValueSpecification","valueRequired":true,"valueName":"search_term_string"}}],"inLanguage":"fr-FR"},{"@type":"Organization","@id":"https:\/\/www.casa95sevilla.com\/fr\/#organization","name":"Casa 95 Sevilla","alternateName":"Casa 95","url":"https:\/\/www.casa95sevilla.com\/fr\/","logo":{"@type":"ImageObject","inLanguage":"fr-FR","@id":"https:\/\/www.casa95sevilla.com\/fr\/#\/schema\/logo\/image\/","url":"https:\/\/www.casa95sevilla.com\/wp-content\/uploads\/2021\/11\/cropped-favicon.png","contentUrl":"https:\/\/www.casa95sevilla.com\/wp-content\/uploads\/2021\/11\/cropped-favicon.png","width":545,"height":545,"caption":"Casa 95 Sevilla"},"image":{"@id":"https:\/\/www.casa95sevilla.com\/fr\/#\/schema\/logo\/image\/"},"sameAs":["https:\/\/www.instagram.com\/casa95_sevilla\/"]}]}</script>
<!-- / Yoast SEO plugin. -->

Profitez du calme et de la tranquillité de notre appartement intérieur donnant sur un patio typiquement andalou. Décoré avec élégance, avec des poutres en bois originales au plafond. Équipé des dernières technologies en matière de communication et de divertissement, cet appartement luxueux vous accueillera dans son lit king size avec ses draps 100% coton. Cuisine [&hellip;]
